What is y(-2)?
1
Let v(g) = 3*g**2 + 6*g - 2. Let p(c) = -c**2 + c. Let m(i) = -2*p(i) - v(i). What is m(-8)?
2
Let r(x) be the third derivative of x**6/360 - x**5/15 + x**4/24 - x**3/3 + 3*x**2. Let q(n) be the first derivative of r(n). Let a = 149 - 142. What is q(a)?
-6
Let h(a) = -3*a**2 + a + 2*a**2 + 4 + 1. Let z = 1249 - 1249. Determine h(z).
5
Suppose y - 3 = -1. Suppose -4*d + 4 + 4 = 0. Let k(g) = -6*g + 0*g**2 - 1 + 4*g + g**2 - y*g**d. Calculate k(-2).
-1
Let b(n) be the third derivative of -n**6/120 - 3*n**5/20 - n**4/6 + 7*n**3/6 - 8*n**2 + 5*n. Give b(-8).
-25
Let j(h) = -h**3 + 4*h**2 + 4*h - 5. Let w = 38 - 34. Determine j(w).
11
Let l(a) be the third derivative of -a**5/60 - 5*a**4/8 - 13*a**3/6 - 6*a**2 - 11. Calculate l(-14).
1
Let m(r) = r + 1. Suppose 3*h + 5*d - 31 - 163 = 0, 4*h - 3*d - 278 = 0. Suppose -h = y + 16*y. Give m(y).
-3
Let t(o) = -o - 4. Suppose 8*a - 13*a = 15. Let r be (12/(-10))/(a + (-54)/(-20)). Give t(r).
-8
Let l(q) = -3*q**3 + 31*q**2 + 13*q + 14. Let o(k) = 2*k**3 - 20*k**2 - 8*k - 9. Let s(d) = -5*l(d) - 8*o(d). Calculate s(4).
14
Let l(u) be the first derivative of -u**4/4 - 3*u**3 - 15*u**2/2 - 9*u + 455. Calculate l(-7).
-2
Let w(d) = -31*d**2 + 26*d - 18. Let x(s) = 11*s**2 - 9*s + 6. Let j(n) = -6*w(n) - 17*x(n). Determine j(-6).
-12
Suppose y - 4*b + 6 = 0, 0 = -4*b + 8*b - 8. Let g(i) = -8*i - 2. What is g(y)?
-18
Let z(i) = -3*i**2 - i + 2. Let t be 4 - (2 - 2)/2. Suppose 3*r - r + t = 0. Determine z(r).
-8
Let p(a) be the second derivative of -a**3/6 + 7*a**2/2 + 15*a. Let j = -34 + 52. Suppose -3*t + 7*t - 14 = 5*f, 4*t = 3*f + j. Determine p(t).
1
Let s(b) = -b**2 - 6*b + 5. Let m(p) = -p**2 - 7*p + 4. Let h(v) = -3*m(v) + 4*s(v). Give h(-6).
-10
Let p(r) = -r**2 - 4*r + 3. Suppose 47*d = 46*d - 5*l - 19, 25 = -4*d - 3*l. What is p(d)?
3
Let a(s) = 48*s - 120. Let z(v) = 6*v - 14. Let x(t) = -4*a(t) + 33*z(t). Determine x(-4).
-6
Let l(n) = 2*n**2 + n - 2. Let g(w) = 7*w**2 + 8*w - 12. Let i(a) = g(a) - 4*l(a). Determine i(4).
-4
Let y(z) be the third derivative of -z**5/60 + z**4/12 - 4*z**3/3 - 16*z**2 + 5. Give y(6).
-32
Let m(f) = f**3 - 4*f**2 - 6*f. Suppose -6*l = -2*l - 340. Suppose 33 = -4*r + l. Let i be (-9 - 1)*r/(-26). Determine m(i).
-5
Let n be (-3)/(-54)*-94 + 2/9. Suppose 0 = u + 2*u - 18. Let l(x) = 3 - x + 1 - u + 3. Give l(n).
6
Let q(t) = 9*t - 16*t**2 + 13 - 19*t**2 - 1 + 36*t**2. Let g be q(-8). Let j be ((-2)/4)/(g/24). Let p(b) = b**3 + 5*b**2 + 5*b + 4. Calculate p(j).
7
Let g = -19 + 14. Let m = -12 - -14. Let k(b) = -m*b + 2 - 3*b + 7*b. What is k(g)?
-8
Let v(c) = 3*c**3 - 7*c**2 - 9*c - 2. Let o(j) = j**3 - j - 1. Let d = 16 - 14. Let w(p) = d*o(p) - v(p). Determine w(8).
-8
Let r(a) = -2*a**2 + 4*a - 2. Let w(u) = u**3 - 32*u**2 + 32*u - 27. Let i be w(31). What is r(i)?
-18
Let g(z) = z**3 + 7*z**2 + 6*z - 7. Let f = -1 - 9. Let o be ((-4)/2)/f - (-260)/(-50). Give g(o).
13
Let v(a) = -a**2 + 6*a + 14. Let b = -214 + 221. What is v(b)?
7
Let u(p) be the first derivative of p**3/3 + 6*p**2 - 6*p + 344. Determine u(-11).
-17
Let y(z) be the third derivative of z**5/30 - z**4/8 + z**3/6 + 5*z**2. Let p be (2 + -3 - 1)*-1. Calculate y(p).
3
Let a(i) be the second derivative of -5*i**3/6 - 4*i**2 - 71*i. Give a(-8).
32
Suppose -4*b + b = 3, 0 = -f - 3*b - 8. Let g(w) be the third derivative of w**5/60 + w**4/3 + w**3 - 79*w**2. Calculate g(f).
-9
Let q(h) be the third derivative of 1/2*h**3 - 1/12*h**5 - 1/3*h**4 + 21*h**2 - 1 + 1/120*h**6 + 0*h. Calculate q(6).
-9
Let u(c) = -c**2 - 5*c - 4. Suppose -8*n + 9 = -7*n. Suppose 5*p - n*j + 4*j = -10, -5*j = 10. What is u(p)?
0
Suppose -10 = 2*u - 4*u. Let a(v) = 2 - 1 - 1 - 3 + v. What is a(u)?
2
Let y = 1 - -1. Let w(b) = b**y - 8*b - 7*b**2 + b**2 - 2*b**2 - b**3. Suppose -32*q = -21*q + 66. Determine w(q).
12
Let u = 1262 + -1268. Let s(j) = -9*j - 8. Calculate s(u).
46
Suppose -5*h - 3*l + 7 + 20 = 0, 4*l = -h + 2. Suppose 5*d = -2*p - h, -1 - 1 = -3*d - 4*p. Let w(u) = 2*u**2 + 1. Determine w(d).
9
Let k be -5*(-27)/45 + (-2 - -1). Let v(q) be the first derivative of 0*q**k - 1/4*q**4 - 5*q - 4/3*q**3 - 4. Calculate v(-4).
-5
Let i be ((-20)/7)/(-6 - (-264)/42). Let d(o) = -o + 1. What is d(i)?
11
Suppose -3*c = -c - 10. Suppose c*s + 7 = -8. Let y(d) = -2 - d - 1 + 3*d. What is y(s)?
-9
Let v = -16 - -14. Let o be 2/(5*(-2)/(-15)). Let a(j) = -7 - 4*j**2 - o*j + j + 2 + 6. Determine a(v).
-11
Let t be 2/8 + (-8)/32. Suppose t*n = 2*n + 12. Let u(v) be the second derivative of v**3/3 - v**2 - v. Give u(n).
-14
Let s(y) be the third derivative of -y**6/20 - 10*y**2. Let w(i) = i**3 - 6*i**2 - i + 5. Let h be w(6). Let g be ((-2)/4)/(h/(-2)). Calculate s(g).
6
Let v(l) be the second derivative of -5*l**3/3 + 8*l. Let i(f) = -2*f. Let k be i(-1). Suppose -7 = 5*g - k. What is v(g)?
10
Let g(c) = 2*c**2 + 2*c + 2. Suppose -h - 8 = -3*f, -f + 7*h = 2*h - 12. Let i be ((-1)/f*-1)/(3/(-12)). Determine g(i).
6
Let k(j) be the first derivative of -j**3/3 - 2*j**2 - j + 288. Let w = 9 - 6. What is k(w)?
-22
Let y(z) = z**3 + 5*z**2 + 4*z - 1. Suppose 5*b = 4*p + 16, 3*p - 3*b + 0*b + 9 = 0. Let v be (-3)/2*(p - 5/(-5)). What is y(v)?
5
Suppose u + 32 = -5*g, -4*u + 3*g - 13 = -0. Let z(x) be the second derivative of -x**5/20 - 2*x**4/3 - 7*x**3/6 + x**2 + 371*x. Give z(u).
2
Let m(l) = -l**3 + 7*l**2 + 10*l - 6. Let d(c) = c**2 - 2*c - 27. Let s be d(-5). What is m(s)?
10
Let k(l) = 6*l - 40. Let b be k(5). Let d(s) = s**2 + 12*s - 11. Calculate d(b).
-31
Let i(l) = -2 + 5 + 5 - l. Suppose -5*u - 2*m - 2 + 39 = 0, -5*m = -5*u + 65. Let z be i(u). Let x(t) = -6*t**3 - t - 1. Determine x(z).
6
Let v(c) = c - 16. Let x(s) = -s**2 + 78*s - 213. Let i be x(3). Calculate v(i).
-4
Let u(n) = -31*n + 5. Let g(w) = -114*w + 19. Let p(o) = -6*g(o) + 22*u(o). Determine p(-4).
-12
Suppose -3*q - 3*o + 42 = 0, 3*o - 24 = -2*q + 4. Suppose -13*t = -q*t. Let z(b) = -b**3 + b**2 + b - 2. Determine z(t).
-2
Let j(q) = 4*q**3 + 28*q**2 - 16*q + 14. Let h(z) = -z**3 - 9*z**2 + 5*z - 5. Let f be (-4)/(-1 - 0)*189/108. Let p(o) = f*h(o) + 2*j(o). Calculate p(6).
-25
Suppose -4*v = -29 + 9. Suppose 4*q + v*o = -0*q - 13, 5*o = q - 28. Suppose -q = -h - m, -2*h + 4 = -0*m + 4*m. Let l(w) = -w. Give l(h).
-4
Let j(z) = 5*z - 15*z + 6*z. Calculate j(-1).
4
Let p = 32 + -28. Let z(r) = -r + 6*r - 4*r**3 - p - 2*r. Let d(j) = -7*j**3 + j**2 + 5*j - 7. Let t(o) = -3*d(o) + 5*z(o). Calculate t(3).
1
Let y = -18 + 21. Suppose -6 = -y*q - 0. Let x(j) = 2*j**2 - 2*j + 3. Calculate x(q).
7
Let u(f) = f + 4. Let r(m) = -m**2 + 17*m - 68. Let b be r(8). Suppose 0 = -n - b*n - 3*n. What is u(n)?
4
Let x(y) be the first derivative of -3 + 5/12*y**4 - 1/6*y**3 + 0*y**2 + 3*y. Let v(m) be the first derivative of x(m). What is v(-1)?
6
Let g(m) be the first derivative of -2*m**3 - 5*m - 7/2*m**2 - 26 - 1/4*m**4. What is g(-4)?
-9
Let b(y) = -80 - 2*y + 172 - 89. Calculate b(5).
-7
Let i(j) = 3*j**2 + 5*j - 2. Let g(v) = -16*v**2 - 25*v + 10. Let x(c) = 2*g(c) + 11*i(c). Determine x(-6).
4
Let n be -1 + (0 - 4) + -1 + 9. Let r(u) = -u**2 - 3*u + 4. Give r(n).
-14
Let m(y) = 3 - 2 + 8*y + 68*y**2 - 67*y**2. Give m(-7).
-6
Let v(r) = -r - 1. Let b(g) = g. Let m(a) = -2*b(a) - v(a). Let w(p) = -p**3 - 8*p**2 + p + 11. Let l be w(-8). Let t be (-1)/l*(5 - 2). Calculate m(t).
2
Let j(b) = -b**2 - 45*b + 48. Let h be j(-46). Let y(l) = 2*l**2 - 5*l + 4. Determine y(h).
2
Let z(m) = -m**3 - 7*m**2 - m - 18. Suppose 28*f - 27*f = -7. Let t be z(f). Let k(i) = -i - 16. Determine k(t).
-5
Suppose 5*t = 3*t. Let g(f) = -3*f + t*f - f**3 + 0 + 1 + f - 4*f**2. Suppose 0 = -5*h - 0*h - 20. Determine g(h).
9
Let r be (5/(-2))/((-65)/52). Let v(p) = -3*p + 13*p**3 - 11*p**3 + r*p - p**2. Calculate v(2).
10
Let f(a) be the first derivative of a**4/4 + a**3/3 - a**2/2 - 22*a - 218. Let x(z) = -z - 4. Let q be x(-4). Determine f(q).
-22
Let q(t) = 7 - 3*t - 3*t - 3. Let x(h) = -48*h + 33. Let r(z) = 33*q(z) - 4*x(z). Let y(s) = -5*s. Let j(b) = 6*r(b) - 7*y(b). What is j(4)?
-4
Let s = -568 - -573. Let b(u) = -u**3 + 3*u**2 + 3*u + 9. What is b(s)?
-26
Let h = -8 - -4. Let q(x) = x**2 - 6 + 3 - 2 + 6 + 6*x. Calculate q(h).
-7
Let s(j) = j - 1. Let t(r) be the second deriva